 2*g - 25. Suppose x = -r + 101, g*r - 2*x = 2*r + 278. Calculate the greatest common divisor of 16 and r.
16
Let r(t) = 10*t**2 - 1. Suppose -2*q - 14 = 4*o - 0*q, 5*q = 2*o - 23. Let j be r(o). Calculate the highest common divisor of 9 and j.
9
Suppose 0*d + 78 = 2*d. Suppose 5*t - 2 = 7*t, 23 = n + 3*t. Calculate the greatest common factor of d and n.
13
Let x(g) = 31*g + 30. Let w be x(15). Calculate the greatest common divisor of 45 and w.
45
Let s(b) = 9*b - 2. Let a be s(3). Let u = a - 8. Calculate the highest common divisor of 34 and u.
17
Let v = -107 - -195. What is the greatest common divisor of v and 11?
11
Let g(m) = 40*m - 5. Let i be g(1). Calculate the highest common divisor of i and 7.
7
Let a(y) = -y**2 - 8. Let u(z) = -z**2 - 8. Let x(q) = 2*a(q) - 3*u(q). Let l be x(0). Let j = 14 - -6. Calculate the highest common factor of l and j.
4
Let o be (-6)/15 + (-2)/(-5). Let c(x) = x**3 + x**2 + x + 11. Let d be c(o). Calculate the greatest common factor of d and 44.
11
Suppose 6 = d + 1. Calculate the highest common divisor of 75 and d.
5
Let k be 2 - (1*-2)/(-1). Suppose 2*r + 10 = 0, 5*t + k*r = 5*r + 40. Suppose 0 = -h - t*h + 72. What is the greatest common divisor of h and 45?
9
Let a be 500/3 - (-12)/18*2. Calculate the greatest common divisor of 24 and a.
24
Suppose m + 0*m = 350. Suppose 4*q - m = -q. Let f = -11 - -18. What is the highest common factor of f and q?
7
Let x(w) = 2*w. Let z be x(2). Suppose 5*f - z*f = 56. Suppose 5*i = i + 28. What is the highest common divisor of i and f?
7
Let n be -7*(12/(-21))/2. Suppose -18 = -n*s + s. Suppose j + s = 3*j. Calculate the greatest common factor of 72 and j.
9
Suppose -2*x + 5*l + 34 = -0*x, -2*l = 2*x - 48. Let w = -28 - -39. Calculate the highest common divisor of x and w.
11
Let u be 4/8*6 + 1. Suppose -u*w = -76 - 32. Calculate the highest common divisor of w and 9.
9
Suppose -3*l = -9, r - 2*l = 3*r - 48. Suppose -3*z + 23 = 4*b, -26 = -5*b + 5*z + 29. Let c = b + -5. Calculate the greatest common factor of r and c.
3
Let r = 28 + -25. Calculate the greatest common divisor of 3 and r.
3
Suppose 6*g - 189 - 147 = 0. Let t = 14 - 10. Suppose 0 = t*s + s - 40. Calculate the highest common divisor of s and g.
8
Suppose -105 - 30 = -5*y. Let q = 42 - y. What is the greatest common divisor of 30 and q?
15
Let o = -1 - -8. Let w(n) = 2*n**2 - 3*n + 1. Let x = 0 + 4. Let u be w(x). What is the highest common divisor of u and o?
7
Let n(d) = d**2 - 2*d - 6. Let i be n(3). Let r be ((-9)/(-6))/(i/(-90)). What is the greatest common factor of 5 and r?
5
Let c = 47 - 26. Calculate the greatest common factor of 3 and c.
3
Let q = 70 + -25. Suppose -q = -6*l - 9. Calculate the highest common factor of 3 and l.
3
Suppose 29 = 4*o - 7. Calculate the highest common factor of 45 and o.
9
Let o = 410 + -212. Suppose -2*u = -6*u. Let a be 19 + ((-1)/1 - u). What is the highest common factor of o and a?
18
Let n(x) = -18*x**2 + 4*x + 1. Let c be n(-3). Let d = c + 258. Calculate the highest common divisor of 34 and d.
17
Let m(r) = -r**3 - 14*r**2 - 17*r - 16. Let z be m(-13). What is the highest common factor of 9 and z?
9
Let j(i) = i**2 - 3*i - 5. Let l be j(5). What is the highest common factor of l and 55?
5
Let v be (-2)/6 - 26/(-6). What is the greatest common divisor of 28 and v?
4
Suppose -10 = 5*j + 3*c - 2*c, -2*c = 3*j + 13. Let m(f) = 5*f**2 + 7*f**2 + f - f**2. Let i be m(j). What is the greatest common divisor of 2 and i?
2
Let q be 2/(-5) - (-88)/20. Suppose -2*t - 5*r = -24, -q*r + 34 - 93 = -3*t. Calculate the greatest common factor of t and 34.
17
Let g = -2 - -41. What is the greatest common factor of 26 and g?
13
Suppose -2*m + 6 + 0 = 0. Let r(q) = 8*q. Let d be r(m). Calculate the greatest common divisor of d and 16.
8
Let a = -5 + 33. What is the highest common factor of a and 42?
14
Suppose -4*s - 83 = -5*b, -s + 73 = 6*b - b. Suppose c + 4*c = b. Suppose -c*q = -8*q + 40. Calculate the greatest common factor of q and 8.
8
Let j be 15/((1 - -2)/3). Calculate the greatest common factor of j and 135.
15
Let a be 23/2 + 3/(-6). Suppose -p + 4 = -a. What is the greatest common factor of 15 and p?
15
Let g be (-96)/(-4)*27/12. Calculate the highest common divisor of g and 6.
6
Let x be (3 + -1)*(-10)/(-4). What is the highest common factor of 15 and x?
5
Suppose 6 = 2*h - 4. Suppose 0 = h*n - 32 + 2. Calculate the highest common factor of 6 and n.
6
Let p = -11 + 6. Let i = 7 + p. Calculate the highest common divisor of i and 8.
2
Suppose c + 4*m = 264, -1302 = -10*c + 5*c - 2*m. What is the greatest common factor of c and 104?
52
Let s be 3/5 - (-554)/10. Calculate the greatest common divisor of 112 and s.
56
Let n = -68 - -75. Let c be (1 + (-14)/6)*-21. What is the greatest common divisor of n and c?
7
Suppose -4*t + 5*o = -0*t + 4, -3 = 3*t - 4*o. Let m be (-2)/(-2 + 4) - t. Suppose m = -3*a - a + 336. Calculate the highest common divisor of 12 and a.
12
Let g(n) = -3*n + n - n + 4*n. Let s be g(7). Suppose 5*a + 3*u = 64, 2*a - 3*u - 2*u - s = 0. What is the greatest common divisor of 11 and a?
11
Suppose 4 = -3*x + 1. Let a be -1 + ((-116)/4)/x. Suppose 4*z - 13 = 15. What is the highest common factor of a and z?
7
Suppose -3*h = -3, 0*h = t - h - 9. Suppose 2*g - 6 = g - q, -4*q - 26 = -g. What is the highest common divisor of t and g?
10
Suppose 5*s - 22 = 58. Let m(y) = 3 + y - 7*y - 1. Let c be m(-13). What is the highest common divisor of s and c?
16
Suppose 0 = -0*p - 4*p + 176. Suppose -m = -p - 16. Calculate the greatest common factor of m and 12.
12
Let q be 60/(-24)*(-32)/5. What is the highest common divisor of 8 and q?
8
Let r = 16 + -12. Let f = r + 7. What is the greatest common factor of 44 and f?
11
Let q = 20 + -10. Let x = -11 + 15. Suppose x*v = -0*v - o + 38, 2*o = 2*v - 24. Calculate the highest common divisor of q and v.
10
Let d be 2/((-2)/(-3)) - -1. Suppose d*g - 16 - 28 = 0. What is the highest common factor of 121 and g?
11
Suppose 335 + 190 = 5*x. Calculate the greatest common divisor of 42 and x.
21
Suppose 2*h - 6*q + 2*q = 6, 3 = h + q. Suppose -h = -p - 1. Suppose u - p = 6. What is the highest common divisor of u and 88?
8
Let x(f) = -14*f + 1. Let q be x(1). Let t = 22 + q. Suppose -2*c + 194 = s, 3*c + 0*c - 5*s = 317. What is the greatest common factor of t and c?
9
Suppose 3*l - 2*l = 4. Suppose -67 = -l*r + 53. Let j be (-8)/((-1)/(-3)*-2). Calculate the greatest common factor of j and r.
6
Let b = 14 + -10. Suppose 9*x = b*x + 375. Suppose 2*i - 50 = i. What is the greatest common divisor of i and x?
25
Suppose -h + 692 - 116 = 4*q, 0 = -5*h + 4*q + 2808. Suppose -j + h = 3*l, -4*l + 576 = -l + 5*j. Calculate the greatest common divisor of l and 17.
17
Suppose 33 = -0*f + 3*f. Suppose p - f = 2. Suppose -78 = -q - q. Calculate the greatest common divisor of q and p.
13
Let d = 27 + -20. Calculate the highest common factor of d and 1.
1
Suppose 4*v + 43 = 11. Let s = 17 + v. Calculate the highest common factor of s and 54.
9
Suppose 294 - 56 = 7*q. What is the greatest common factor of q and 272?
34
Let x = 16 - 5. Let t = x - 0. Let c be (15/(-9))/((-1)/33). Calculate the greatest common factor of c and t.
11
Suppose 2*l - 3*l + 23 = 0. Calculate the greatest common divisor of 253 and l.
23
Let i(q) = -4*q + 2. Let g be i(-2). Let w be g/55 + 348/22. Suppose -5*c + 143 + 57 = 0. Calculate the greatest common divisor of c and w.
8
Let d be 2 + (-3)/((-3)/(-8)). Let k be (8/(-10))/(d/15). Suppose 3*n - 64 - 84 = -5*u, 0 = -k*n + 4*u + 128. What is the highest common divisor of 14 and n?
14
Suppose 0 = -2*c - 2*c + 12. Suppose c*f + 240 = 5*f. Suppose -5*g - 58 = -2*v - 306, -2*g + 4*v + 112 = 0. Calculate the greatest common divisor of g and f.
24
Suppose 6*p - 464 = 2*p. Let t be p/(-36) - (-4)/18. Let z(i) = -7*i - 4. Let u be z(t). Calculate the greatest common divisor of u and 68.
17
Let n(a) = -a + 20. Let g be n(16). What is the highest common divisor of g and 36?
4
Suppose n + 2 = -4*z - 2, 0 = 5*n - 2*z - 2. Suppose n*b - 350 = -5*b. What is the highest common divisor of b and 14?
14
Let a be (-2)/8 - 427/(-28). Suppose -4*m + a = -5*p - 24, -2*p - 18 = -2*m. What is the highest common divisor of m and 48?
6
S